{"id":8,"date":"2021-04-18T15:12:31","date_gmt":"2021-04-18T13:12:31","guid":{"rendered":"http:\/\/cigalesmetaitcompte.fr\/?page_id=8"},"modified":"2021-04-18T16:15:03","modified_gmt":"2021-04-18T14:15:03","slug":"contact","status":"publish","type":"page","link":"https:\/\/cigalesmetaitcompte.fr\/?page_id=8","title":{"rendered":"Contact"},"content":{"rendered":"\n<p>Si le concept vous int\u00e9resse, si vous souhaitez nous soutenir ou si vous avez un projet un nous soumettre, nous serons ravi de vous r\u00e9pondre \u00e0 cette adresse : <\/p>\n\n\n\n<p>contact@cigalesmetaitcompte.fr<\/p>\n\n\n\n<p>\u00e0 tr\u00e8s vite !<\/p>\n","protected":false},"excerpt":{"rendered":"<p>Si le concept vous int\u00e9resse, si vous souhaitez nous soutenir ou si vous avez un projet un nous soumettre, nous serons ravi de vous r\u00e9pondre \u00e0 cette adresse : contact@cigalesmetaitcompte.fr \u00e0 tr\u00e8s vite !<\/p>\n","protected":false},"author":1,"featured_media":0,"parent":0,"menu_order":0,"comment_status":"closed","ping_status":"closed","template":"","meta":[],"_links":{"self":[{"href":"https:\/\/cigalesmetaitcompte.fr\/index.php?rest_route=\/wp\/v2\/pages\/8"}],"collection":[{"href":"https:\/\/cigalesmetaitcompte.fr\/index.php?rest_route=\/wp\/v2\/pages"}],"about":[{"href":"https:\/\/cigalesmetaitcompte.fr\/index.php?rest_route=\/wp\/v2\/types\/page"}],"author":[{"embeddable":true,"href":"https:\/\/cigalesmetaitcompte.fr\/index.php?rest_route=\/wp\/v2\/users\/1"}],"replies":[{"embeddable":true,"href":"https:\/\/cigalesmetaitcompte.fr\/index.php?rest_route=%2Fwp%2Fv2%2Fcomments&post=8"}],"version-history":[{"count":3,"href":"https:\/\/cigalesmetaitcompte.fr\/index.php?rest_route=\/wp\/v2\/pages\/8\/revisions"}],"predecessor-version":[{"id":60,"href":"https:\/\/cigalesmetaitcompte.fr\/index.php?rest_route=\/wp\/v2\/pages\/8\/revisions\/60"}],"wp:attachment":[{"href":"https:\/\/cigalesmetaitcompte.fr\/index.php?rest_route=%2Fwp%2Fv2%2Fmedia&parent=8"}],"curies":[{"name":"wp","href":"https:\/\/api.w.org\/{rel}","templated":true}]}}